34.201.10.123 - - [28/Sep/2025:00:26:19 ] "GET /api/v1/users HTTP/1.1" 200 1315 "-" "Mozilla/5.0 (Macintosh; Intel Mac OS X 10_15_7) AppleWebKit/537.36 (KHTML, like Gecko) Chrome/91.0.4472.114 Safari/537.36"
1.1.1.1 - - [28/Sep/2025:00:23:56 ] "POST / HTTP/1.1" 200 4993 "-" "Nmap Scripting Engine; https://nmap.org/book/nse.html"
34.201.10.123 - - [28/Sep/2025:00:24:37 ] "POST /images/logo.png HTTP/1.1" 404 4517 "-" "python-requests/2.25.1"
34.201.10.123 - - [28/Sep/2025:00:12:28 ] "GET /images/logo.png HTTP/1.1" 200 4218 "-" "Mozilla/5.0 (X11; Ubuntu; Linux x86_64; rv:89.0) Gecko/20100101 Firefox/89.0"
89.123.1.41 - - [28/Sep/2025:00:14:43 ] "GET / HTTP/1.1" 302 4390 "-" "Mozilla/5.0 (X11; Ubuntu; Linux x86_64; rv:89.0) Gecko/20100101 Firefox/89.0"
89.123.1.41 - - [28/Sep/2025:00:17:59 ] "POST /index.html HTTP/1.1" 200 3210 "-" "curl/7.68.0"
208.67.222.222 - - [28/Sep/2025:00:21:07 ] "GET /images/logo.png HTTP/1.1" 200 2418 "-" "Mozilla/5.0 (X11; Ubuntu; Linux x86_64; rv:89.0) Gecko/20100101 Firefox/89.0"
10.0.10.37 - - [28/Sep/2025:00:23:24 ] "POST /api/v1/users HTTP/1.1" 200 1070 "-" "curl/7.68.0"
1.1.1.1 - - [27/Sep/2025:23:54:35 ] "POST /images/logo.png HTTP/1.1" 200 1739 "-" "Go-http-client/1.1"
34.201.10.123 - - [27/Sep/2025:23:42:22 ] "GET /robots.txt HTTP/1.1" 200 1174 "-" "curl/7.68.0"
34.201.10.123 - - [28/Sep/2025:00:21:59 ] "POST /admin HTTP/1.1" 200 3884 "-" "python-requests/2.25.1"
89.123.1.41 - - [28/Sep/2025:00:04:19 ] "GET /index.html HTTP/1.1" 403 469 "-" "Mozilla/5.0 (Macintosh; Intel Mac OS X 10_15_7) AppleWebKit/537.36 (KHTML, like Gecko) Chrome/91.0.4472.114 Safari/537.36"
34.201.10.123 - - [27/Sep/2025:23:47:07 ] "POST /admin HTTP/1.1" 302 4561 "-" "Go-http-client/1.1"
213.87.10.2 - - [28/Sep/2025:00:05:18 ] "GET /admin HTTP/1.1" 404 452 "-" "curl/7.68.0"
89.123.1.41 - - [27/Sep/2025:23:39:53 ] "POST /secret_backup.zip HTTP/1.1" 200 3588 "-" "curl/7.68.0"
213.87.10.2 - - [27/Sep/2025:23:49:34 ] "GET /images/logo.png HTTP/1.1" 200 2806 "-" "Mozilla/5.0 (X11; Ubuntu; Linux x86_64; rv:89.0) Gecko/20100101 Firefox/89.0"
34.201.10.123 - - [27/Sep/2025:23:11:39 ] "POST /secret_backup.zip HTTP/1.1" 200 1042 "-" "Nmap Scripting Engine; https://nmap.org/book/nse.html"
208.67.222.222 - - [28/Sep/2025:00:17:15 ] "GET / HTTP/1.1" 404 4919 "-" "Go-http-client/1.1"
34.201.10.123 - - [28/Sep/2025:00:02:37 ] "GET /.env HTTP/1.1" 200 3909 "-" "Go-http-client/1.1"
178.154.210.50 - - [27/Sep/2025:23:01:27 ] "GET /secret_backup.zip HTTP/1.1" 200 4431 "-" "curl/7.68.0"
10.0.10.37 - - [27/Sep/2025:23:21:39 ] "POST /static/app.js HTTP/1.1" 200 3803 "-" "Mozilla/5.0 (Macintosh; Intel Mac OS X 10_15_7) AppleWebKit/537.36 (KHTML, like Gecko) Chrome/91.0.4472.114 Safari/537.36"
34.201.10.123 - - [27/Sep/2025:22:48:40 ] "POST /images/logo.png HTTP/1.1" 200 4552 "-" "curl/7.68.0"
89.123.1.41 - - [27/Sep/2025:23:15:33 ] "GET /.env HTTP/1.1" 200 138 "-" "Mozilla/5.0 (Macintosh; Intel Mac OS X 10_15_7) AppleWebKit/537.36 (KHTML, like Gecko) Chrome/91.0.4472.114 Safari/537.36"
10.0.10.37 - - [27/Sep/2025:23:11:57 ] "GET /.env HTTP/1.1" 200 3725 "-" "curl/7.68.0"
89.123.1.41 - - [28/Sep/2025:00:19:55 ] "GET /robots.txt HTTP/1.1" 200 2203 "-" "Mozilla/5.0 (Macintosh; Intel Mac OS X 10_15_7) AppleWebKit/537.36 (KHTML, like Gecko) Chrome/91.0.4472.114 Safari/537.36"
10.0.10.37 - - [27/Sep/2025:22:31:44 ] "GET /secret_backup.zip HTTP/1.1" 200 4021 "-" "Mozilla/5.0 (Macintosh; Intel Mac OS X 10_15_7) AppleWebKit/537.36 (KHTML, like Gecko) Chrome/91.0.4472.114 Safari/537.36"
213.87.10.2 - - [27/Sep/2025:23:28:41 ] "POST /index.html HTTP/1.1" 200 3027 "-" "Mozilla/5.0 (Windows NT 10.0; Win64; x64) AppleWebKit/537.36 (KHTML, like Gecko) Chrome/91.0.4472.124 Safari/537.36"
178.154.210.50 - - [27/Sep/2025:23:15:40 ] "GET / HTTP/1.1" 200 275 "-" "Nmap Scripting Engine; https://nmap.org/book/nse.html"
34.201.10.123 - - [27/Sep/2025:23:24:43 ] "POST /api/v1/users HTTP/1.1" 404 2639 "-" "python-requests/2.25.1"
208.67.222.222 - - [27/Sep/2025:22:27:25 ] "GET /login HTTP/1.1" 404 4896 "-" "Go-http-client/1.1"
213.87.10.2 - - [27/Sep/2025:22:18:19 ] "POST /login HTTP/1.1" 200 1167 "-" "curl/7.68.0"
89.123.1.41 - - [27/Sep/2025:23:05:43 ] "GET /robots.txt HTTP/1.1" 200 2243 "-" "Mozilla/5.0 (X11; Ubuntu; Linux x86_64; rv:89.0) Gecko/20100101 Firefox/89.0"
1.1.1.1 - - [27/Sep/2025:23:54:19 ] "POST /.env HTTP/1.1" 200 481 "-" "Mozilla/5.0 (Windows NT 10.0; Win64; x64) AppleWebKit/537.36 (KHTML, like Gecko) Chrome/91.0.4472.124 Safari/537.36"
34.201.10.123 - - [28/Sep/2025:00:08:43 ] "POST /admin HTTP/1.1" 200 4870 "-" "Mozilla/5.0 (Windows NT 10.0; Win64; x64) AppleWebKit/537.36 (KHTML, like Gecko) Chrome/91.0.4472.124 Safari/537.36"
208.67.222.222 - - [27/Sep/2025:23:35:19 ] "GET /static/style.css HTTP/1.1" 500 395 "-" "curl/7.68.0"
208.67.222.222 - - [27/Sep/2025:21:40:39 ] "GET /api/v1/users HTTP/1.1" 403 4577 "-" "Go-http-client/1.1"
192.168.1.1 - - [27/Sep/2025:22:45:31 ] "GET /.env HTTP/1.1" 200 310 "-" "Go-http-client/1.1"
208.67.222.222 - - [27/Sep/2025:23:53:38 ] "POST /login HTTP/1.1" 200 4842 "-" "Nmap Scripting Engine; https://nmap.org/book/nse.html"
1.1.1.1 - - [27/Sep/2025:21:17:35 ] "POST / HTTP/1.1" 200 2083 "-" "Mozilla/5.0 (Windows NT 10.0; Win64; x64) AppleWebKit/537.36 (KHTML, like Gecko) Chrome/91.0.4472.124 Safari/537.36"
34.201.10.123 - - [27/Sep/2025:23:07:01 ] "POST /static/style.css HTTP/1.1" 200 1316 "-" "Go-http-client/1.1"
34.201.10.123 - - [27/Sep/2025:22:18:19 ] "GET /admin HTTP/1.1" 200 2465 "-" "Mozilla/5.0 (Macintosh; Intel Mac OS X 10_15_7) AppleWebKit/537.36 (KHTML, like Gecko) Chrome/91.0.4472.114 Safari/537.36"
213.87.10.2 - - [27/Sep/2025:22:22:38 ] "GET /static/app.js HTTP/1.1" 200 4870 "-" "python-requests/2.25.1"
89.123.1.41 - - [27/Sep/2025:22:52:31 ] "GET /static/app.js HTTP/1.1" 200 138 "-" "Mozilla/5.0 (X11; Ubuntu; Linux x86_64; rv:89.0) Gecko/20100101 Firefox/89.0"
178.154.210.50 - - [27/Sep/2025:22:29:30 ] "GET /api/v1/users HTTP/1.1" 200 3430 "-" "curl/7.68.0"
213.87.10.2 - - [27/Sep/2025:23:24:43 ] "GET /admin HTTP/1.1" 200 2237 "-" "python-requests/2.25.1"
192.168.1.1 - - [28/Sep/2025:00:00:04 ] "GET /secret_backup.zip HTTP/1.1" 500 4200 "-" "Mozilla/5.0 (Windows NT 10.0; Win64; x64) AppleWebKit/537.36 (KHTML, like Gecko) Chrome/91.0.4472.124 Safari/537.36"
1.1.1.1 - - [27/Sep/2025:20:51:39 ] "POST /images/logo.png HTTP/1.1" 200 547 "-" "Mozilla/5.0 (Macintosh; Intel Mac OS X 10_15_7) AppleWebKit/537.36 (KHTML, like Gecko) Chrome/91.0.4472.114 Safari/537.36"
34.201.10.123 - - [27/Sep/2025:22:03:45 ] "POST /api/v1/users HTTP/1.1" 200 3251 "-" "Mozilla/5.0 (Windows NT 10.0; Win64; x64) AppleWebKit/537.36 (KHTML, like Gecko) Chrome/91.0.4472.124 Safari/537.36"
178.154.210.50 - - [27/Sep/2025:23:03:55 ] "POST /secret_backup.zip HTTP/1.1" 200 3734 "-" "curl/7.68.0"
213.87.10.2 - - [27/Sep/2025:22:36:53 ] "POST /static/style.css HTTP/1.1" 200 3985 "-" "python-requests/2.25.1"
213.87.10.2 - - [27/Sep/2025:20:41:19 ] "GET /static/style.css HTTP/1.1" 200 3613 "-" "python-requests/2.25.1"
10.0.10.37 - - [27/Sep/2025:23:52:19 ] "POST /admin HTTP/1.1" 200 710 "-" "Go-http-client/1.1"
89.123.1.41 - - [27/Sep/2025:21:53:47 ] "GET /login HTTP/1.1" 404 943 "-" "Mozilla/5.0 (Macintosh; Intel Mac OS X 10_15_7) AppleWebKit/537.36 (KHTML, like Gecko) Chrome/91.0.4472.114 Safari/537.36"
178.154.210.50 - - [27/Sep/2025:20:14:34 ] "GET /secret_backup.zip HTTP/1.1" 200 4723 "-" "Mozilla/5.0 (Macintosh; Intel Mac OS X 10_15_7) AppleWebKit/537.36 (KHTML, like Gecko) Chrome/91.0.4472.114 Safari/537.36"
178.154.210.50 - - [27/Sep/2025:20:52:07 ] "GET /secret_backup.zip HTTP/1.1" 200 1954 "-" "Go-http-client/1.1"
192.168.1.1 - - [27/Sep/2025:21:20:14 ] "POST /index.html HTTP/1.1" 302 2033 "-" "Mozilla/5.0 (Windows NT 10.0; Win64; x64) AppleWebKit/537.36 (KHTML, like Gecko) Chrome/91.0.4472.124 Safari/537.36"
89.123.1.41 - - [27/Sep/2025:22:20:19 ] "GET /secret_backup.zip HTTP/1.1" 200 2985 "-" "python-requests/2.25.1"
208.67.222.222 - - [27/Sep/2025:21:54:19 ] "POST /robots.txt HTTP/1.1" 200 4651 "-" "Go-http-client/1.1"
10.0.10.37 - - [27/Sep/2025:20:11:07 ] "GET /static/style.css HTTP/1.1" 302 4209 "-" "Mozilla/5.0 (Macintosh; Intel Mac OS X 10_15_7) AppleWebKit/537.36 (KHTML, like Gecko) Chrome/91.0.4472.114 Safari/537.36"
208.67.222.222 - - [27/Sep/2025:23:53:52 ] "GET /.env HTTP/1.1" 404 912 "-" "Mozilla/5.0 (Macintosh; Intel Mac OS X 10_15_7) AppleWebKit/537.36 (KHTML, like Gecko) Chrome/91.0.4472.114 Safari/537.36"
213.87.10.2 - - [27/Sep/2025:20:07:19 ] "GET /secret_backup.zip HTTP/1.1" 301 4282 "-" "Mozilla/5.0 (Windows NT 10.0; Win64; x64) AppleWebKit/537.36 (KHTML, like Gecko) Chrome/91.0.4472.124 Safari/537.36"
192.168.1.1 - - [27/Sep/2025:22:19:14 ] "GET /static/app.js HTTP/1.1" 200 3116 "-" "Mozilla/5.0 (Windows NT 10.0; Win64; x64) AppleWebKit/537.36 (KHTML, like Gecko) Chrome/91.0.4472.124 Safari/537.36"
89.123.1.41 - - [27/Sep/2025:19:38:01 ] "POST /index.html HTTP/1.1" 200 4717 "-" "Nmap Scripting Engine; https://nmap.org/book/nse.html"
10.0.10.37 - - [27/Sep/2025:22:33:58 ] "POST /api/v1/users HTTP/1.1" 200 3518 "-" "curl/7.68.0"
178.154.210.50 - - [27/Sep/2025:19:41:31 ] "POST /index.html HTTP/1.1" 404 2488 "-" "Mozilla/5.0 (Windows NT 10.0; Win64; x64) AppleWebKit/537.36 (KHTML, like Gecko) Chrome/91.0.4472.124 Safari/537.36"
192.168.1.1 - - [27/Sep/2025:20:51:49 ] "GET /secret_backup.zip HTTP/1.1" 302 1196 "-" "curl/7.68.0"
1.1.1.1 - - [27/Sep/2025:23:01:37 ] "POST /robots.txt HTTP/1.1" 200 2870 "-" "Nmap Scripting Engine; https://nmap.org/book/nse.html"
34.201.10.123 - - [27/Sep/2025:22:34:39 ] "GET /api/v1/users HTTP/1.1" 200 1668 "-" "Go-http-client/1.1"
208.67.222.222 - - [28/Sep/2025:00:08:11 ] "GET /api/v1/users HTTP/1.1" 200 4841 "-" "Go-http-client/1.1"
89.123.1.41 - - [27/Sep/2025:22:56:37 ] "GET /secret_backup.zip HTTP/1.1" 200 1960 "-" "Nmap Scripting Engine; https://nmap.org/book/nse.html"
10.0.10.37 - - [27/Sep/2025:21:33:39 ] "POST /images/logo.png HTTP/1.1" 404 2594 "-" "Nmap Scripting Engine; https://nmap.org/book/nse.html"
208.67.222.222 - - [27/Sep/2025:23:24:47 ] "POST /api/v1/users HTTP/1.1" 500 4784 "-" "curl/7.68.0"
34.201.10.123 - - [27/Sep/2025:20:34:43 ] "POST /login HTTP/1.1" 404 3172 "-" "Mozilla/5.0 (Macintosh; Intel Mac OS X 10_15_7) AppleWebKit/537.36 (KHTML, like Gecko) Chrome/91.0.4472.114 Safari/537.36"
10.0.10.37 - - [28/Sep/2025:00:00:46 ] "GET / HTTP/1.1" 302 4002 "-" "curl/7.68.0"
1.1.1.1 - - [27/Sep/2025:20:17:11 ] "POST /index.html HTTP/1.1" 403 4939 "-" "Nmap Scripting Engine; https://nmap.org/book/nse.html"
89.123.1.41 - - [27/Sep/2025:18:50:04 ] "GET / HTTP/1.1" 200 3498 "-" "python-requests/2.25.1"
10.0.10.37 - - [27/Sep/2025:23:30:35 ] "GET /robots.txt HTTP/1.1" 403 3196 "-" "curl/7.68.0"
34.201.10.123 - - [27/Sep/2025:21:39:29 ] "POST / HTTP/1.1" 200 1504 "-" "Mozilla/5.0 (Windows NT 10.0; Win64; x64) AppleWebKit/537.36 (KHTML, like Gecko) Chrome/91.0.4472.124 Safari/537.36"
213.87.10.2 - - [27/Sep/2025:22:35:49 ] "POST /robots.txt HTTP/1.1" 200 882 "-" "Mozilla/5.0 (Windows NT 10.0; Win64; x64) AppleWebKit/537.36 (KHTML, like Gecko) Chrome/91.0.4472.124 Safari/537.36"
208.67.222.222 - - [27/Sep/2025:19:40:36 ] "POST /static/app.js HTTP/1.1" 200 1055 "-" "curl/7.68.0"
178.154.210.50 - - [27/Sep/2025:23:46:19 ] "GET /.env HTTP/1.1" 200 1921 "-" "Nmap Scripting Engine; https://nmap.org/book/nse.html"
208.67.222.222 - - [28/Sep/2025:00:03:22 ] "POST /api/v1/users HTTP/1.1" 200 578 "-" "Mozilla/5.0 (Macintosh; Intel Mac OS X 10_15_7) AppleWebKit/537.36 (KHTML, like Gecko) Chrome/91.0.4472.114 Safari/537.36"
89.123.1.41 - - [27/Sep/2025:23:28:55 ] "GET /static/style.css HTTP/1.1" 302 1331 "-" "python-requests/2.25.1"
208.67.222.222 - - [27/Sep/2025:18:25:16 ] "GET /admin HTTP/1.1" 200 2041 "-" "Mozilla/5.0 (Macintosh; Intel Mac OS X 10_15_7) AppleWebKit/537.36 (KHTML, like Gecko) Chrome/91.0.4472.114 Safari/537.36"
34.201.10.123 - - [27/Sep/2025:22:18:55 ] "POST /images/logo.png HTTP/1.1" 404 3506 "-" "Nmap Scripting Engine; https://nmap.org/book/nse.html"
213.87.10.2 - - [27/Sep/2025:20:09:54 ] "POST /images/logo.png HTTP/1.1" 200 3334 "-" "Nmap Scripting Engine; https://nmap.org/book/nse.html"
34.201.10.123 - - [27/Sep/2025:20:39:51 ] "GET /admin HTTP/1.1" 200 4614 "-" "python-requests/2.25.1"
178.154.210.50 - - [27/Sep/2025:18:04:58 ] "POST /.env HTTP/1.1" 200 488 "-" "Mozilla/5.0 (Windows NT 10.0; Win64; x64) AppleWebKit/537.36 (KHTML, like Gecko) Chrome/91.0.4472.124 Safari/537.36"
192.168.1.1 - - [27/Sep/2025:20:53:39 ] "GET /index.html HTTP/1.1" 302 321 "-" "python-requests/2.25.1"
208.67.222.222 - - [27/Sep/2025:20:15:38 ] "GET /static/app.js HTTP/1.1" 302 4529 "-" "Nmap Scripting Engine; https://nmap.org/book/nse.html"
213.87.10.2 - - [27/Sep/2025:21:24:49 ] "GET /static/style.css HTTP/1.1" 302 1068 "-" "Mozilla/5.0 (X11; Ubuntu; Linux x86_64; rv:89.0) Gecko/20100101 Firefox/89.0"
192.168.1.1 - - [28/Sep/2025:00:06:36 ] "POST /robots.txt HTTP/1.1" 200 1213 "-" "Mozilla/5.0 (Macintosh; Intel Mac OS X 10_15_7) AppleWebKit/537.36 (KHTML, like Gecko) Chrome/91.0.4472.114 Safari/537.36"
192.168.1.1 - - [27/Sep/2025:19:42:39 ] "GET /images/logo.png HTTP/1.1" 200 4932 "-" "Mozilla/5.0 (X11; Ubuntu; Linux x86_64; rv:89.0) Gecko/20100101 Firefox/89.0"
89.123.1.41 - - [27/Sep/2025:17:16:58 ] "POST /login HTTP/1.1" 200 3442 "-" "Go-http-client/1.1"
213.87.10.2 - - [27/Sep/2025:18:04:03 ] "GET /login HTTP/1.1" 200 2648 "-" "Go-http-client/1.1"
89.123.1.41 - - [27/Sep/2025:16:48:44 ] "POST /secret_backup.zip HTTP/1.1" 200 553 "-" "Nmap Scripting Engine; https://nmap.org/book/nse.html"
10.0.10.37 - - [27/Sep/2025:16:26:19 ] "GET /images/logo.png HTTP/1.1" 200 3092 "-" "curl/7.68.0"
178.154.210.50 - - [27/Sep/2025:19:15:55 ] "GET /admin HTTP/1.1" 200 2248 "-" "python-requests/2.25.1"
89.123.1.41 - - [27/Sep/2025:22:53:13 ] "POST /images/logo.png HTTP/1.1" 200 2936 "-" "Mozilla/5.0 (Macintosh; Intel Mac OS X 10_15_7) AppleWebKit/537.36 (KHTML, like Gecko) Chrome/91.0.4472.114 Safari/537.36"
1.1.1.1 - - [27/Sep/2025:19:01:16 ] "GET /secret_backup.zip HTTP/1.1" 404 2761 "-" "Mozilla/5.0 (Windows NT 10.0; Win64; x64) AppleWebKit/537.36 (KHTML, like Gecko) Chrome/91.0.4472.124 Safari/537.36"
1.1.1.1 - - [27/Sep/2025:20:21:19 ] "GET /static/app.js HTTP/1.1" 200 2886 "-" "curl/7.68.0"
10.0.10.37 - - [27/Sep/2025:18:19:21 ] "GET /login HTTP/1.1" 200 1317 "-" "Go-http-client/1.1"
208.67.222.222 - - [27/Sep/2025:17:34:55 ] "GET /.env HTTP/1.1" 302 2755 "-" "Nmap Scripting Engine; https://nmap.org/book/nse.html"
89.123.1.41 - - [27/Sep/2025:17:42:54 ] "POST /static/app.js HTTP/1.1" 200 4366 "-" "Mozilla/5.0 (Windows NT 10.0; Win64; x64) AppleWebKit/537.36 (KHTML, like Gecko) Chrome/91.0.4472.124 Safari/537.36"
1.1.1.1 - - [27/Sep/2025:21:08:43 ] "GET /static/app.js HTTP/1.1" 500 2421 "-" "Mozilla/5.0 (Windows NT 10.0; Win64; x64) AppleWebKit/537.36 (KHTML, like Gecko) Chrome/91.0.4472.124 Safari/537.36"
192.168.1.1 - - [27/Sep/2025:17:03:34 ] "POST /admin HTTP/1.1" 301 3398 "-" "curl/7.68.0"
10.0.10.37 - - [27/Sep/2025:21:19:03 ] "POST /images/logo.png HTTP/1.1" 404 4259 "-" "Mozilla/5.0 (X11; Ubuntu; Linux x86_64; rv:89.0) Gecko/20100101 Firefox/89.0"
192.168.1.1 - - [27/Sep/2025:17:37:56 ] "GET /static/app.js HTTP/1.1" 301 4968 "-" "Mozilla/5.0 (Macintosh; Intel Mac OS X 10_15_7) AppleWebKit/537.36 (KHTML, like Gecko) Chrome/91.0.4472.114 Safari/537.36"
208.67.222.222 - - [27/Sep/2025:21:56:55 ] "POST /login HTTP/1.1" 200 4768 "-" "Mozilla/5.0 (Windows NT 10.0; Win64; x64) AppleWebKit/537.36 (KHTML, like Gecko) Chrome/91.0.4472.124 Safari/537.36"
192.168.1.1 - - [28/Sep/2025:00:00:53 ] "POST /login HTTP/1.1" 200 2852 "-" "Mozilla/5.0 (Macintosh; Intel Mac OS X 10_15_7) AppleWebKit/537.36 (KHTML, like Gecko) Chrome/91.0.4472.114 Safari/537.36"
208.67.222.222 - - [27/Sep/2025:16:22:19 ] "GET /robots.txt HTTP/1.1" 200 1543 "-" "curl/7.68.0"
1.1.1.1 - - [27/Sep/2025:19:52:31 ] "GET /static/style.css HTTP/1.1" 500 1306 "-" "Mozilla/5.0 (Windows NT 10.0; Win64; x64) AppleWebKit/537.36 (KHTML, like Gecko) Chrome/91.0.4472.124 Safari/537.36"
89.123.1.41 - - [27/Sep/2025:17:54:19 ] "GET /static/app.js HTTP/1.1" 200 992 "-" "Mozilla/5.0 (X11; Ubuntu; Linux x86_64; rv:89.0) Gecko/20100101 Firefox/89.0"
89.123.1.41 - - [27/Sep/2025:19:49:28 ] "GET /admin HTTP/1.1" 200 1040 "-" "Nmap Scripting Engine; https://nmap.org/book/nse.html"
192.168.1.1 - - [27/Sep/2025:23:46:25 ] "GET /api/v1/users HTTP/1.1" 200 3125 "-" "Nmap Scripting Engine; https://nmap.org/book/nse.html"
178.154.210.50 - - [27/Sep/2025:18:01:04 ] "GET /index.html HTTP/1.1" 301 2217 "-" "python-requests/2.25.1"
1.1.1.1 - - [27/Sep/2025:22:24:31 ] "GET /login HTTP/1.1" 404 952 "-" "Mozilla/5.0 (Windows NT 10.0; Win64; x64) AppleWebKit/537.36 (KHTML, like Gecko) Chrome/91.0.4472.124 Safari/537.36"
10.0.10.37 - - [27/Sep/2025:17:30:58 ] "GET /images/logo.png HTTP/1.1" 200 3368 "-" "Mozilla/5.0 (Windows NT 10.0; Win64; x64) AppleWebKit/537.36 (KHTML, like Gecko) Chrome/91.0.4472.124 Safari/537.36"
178.154.210.50 - - [27/Sep/2025:21:45:03 ] "GET /index.html HTTP/1.1" 200 3676 "-" "Nmap Scripting Engine; https://nmap.org/book/nse.html"
10.0.10.37 - - [27/Sep/2025:21:07:59 ] "POST /static/style.css HTTP/1.1" 301 2864 "-" "Mozilla/5.0 (Macintosh; Intel Mac OS X 10_15_7) AppleWebKit/537.36 (KHTML, like Gecko) Chrome/91.0.4472.114 Safari/537.36"
208.67.222.222 - - [27/Sep/2025:19:46:19 ] "POST /index.html HTTP/1.1" 200 1954 "-" "curl/7.68.0"
1.1.1.1 - - [27/Sep/2025:18:51:33 ] "GET /images/logo.png HTTP/1.1" 200 4543 "-" "Mozilla/5.0 (Windows NT 10.0; Win64; x64) AppleWebKit/537.36 (KHTML, like Gecko) Chrome/91.0.4472.124 Safari/537.36"
1.1.1.1 - - [28/Sep/2025:00:08:01 ] "GET /login HTTP/1.1" 404 1353 "-" "Go-http-client/1.1"
10.0.10.37 - - [27/Sep/2025:22:37:40 ] "POST /robots.txt HTTP/1.1" 200 4097 "-" "Mozilla/5.0 (X11; Ubuntu; Linux x86_64; rv:89.0) Gecko/20100101 Firefox/89.0"
192.168.1.1 - - [27/Sep/2025:21:49:15 ] "GET /index.html HTTP/1.1" 200 1384 "-" "curl/7.68.0"
89.123.1.41 - - [27/Sep/2025:22:37:59 ] "GET /admin HTTP/1.1" 200 1793 "-" "curl/7.68.0"
34.201.10.123 - - [27/Sep/2025:15:11:55 ] "POST /secret_backup.zip HTTP/1.1" 200 2469 "-" "python-requests/2.25.1"
192.168.1.1 - - [27/Sep/2025:14:37:53 ] "POST /admin HTTP/1.1" 200 3521 "-" "Nmap Scripting Engine; https://nmap.org/book/nse.html"
34.201.10.123 - - [27/Sep/2025:18:21:31 ] "GET /images/logo.png HTTP/1.1" 200 4737 "-" "Mozilla/5.0 (Macintosh; Intel Mac OS X 10_15_7) AppleWebKit/537.36 (KHTML, like Gecko) Chrome/91.0.4472.114 Safari/537.36"
208.67.222.222 - - [27/Sep/2025:18:46:37 ] "POST /secret_backup.zip HTTP/1.1" 200 982 "-" "python-requests/2.25.1"
213.87.10.2 - - [27/Sep/2025:16:29:39 ] "POST /static/style.css HTTP/1.1" 200 3458 "-" "Go-http-client/1.1"
213.87.10.2 - - [27/Sep/2025:16:32:32 ] "POST /.env HTTP/1.1" 404 857 "-" "Mozilla/5.0 (Windows NT 10.0; Win64; x64) AppleWebKit/537.36 (KHTML, like Gecko) Chrome/91.0.4472.124 Safari/537.36"
89.123.1.41 - - [27/Sep/2025:23:53:19 ] "GET /login HTTP/1.1" 200 749 "-" "python-requests/2.25.1"
34.201.10.123 - - [27/Sep/2025:23:28:41 ] "GET /login HTTP/1.1" 200 3716 "-" "Nmap Scripting Engine; https://nmap.org/book/nse.html"
89.123.1.41 - - [27/Sep/2025:18:53:33 ] "POST / HTTP/1.1" 404 1185 "-" "Go-http-client/1.1"
213.87.10.2 - - [27/Sep/2025:19:00:04 ] "GET /static/style.css HTTP/1.1" 200 323 "-" "Mozilla/5.0 (Windows NT 10.0; Win64; x64) AppleWebKit/537.36 (KHTML, like Gecko) Chrome/91.0.4472.124 Safari/537.36"
89.123.1.41 - - [27/Sep/2025:16:12:11 ] "GET /.env HTTP/1.1" 200 4608 "-" "Mozilla/5.0 (Macintosh; Intel Mac OS X 10_15_7) AppleWebKit/537.36 (KHTML, like Gecko) Chrome/91.0.4472.114 Safari/537.36"
178.154.210.50 - - [27/Sep/2025:16:08:33 ] "GET /robots.txt HTTP/1.1" 500 3212 "-" "Mozilla/5.0 (X11; Ubuntu; Linux x86_64; rv:89.0) Gecko/20100101 Firefox/89.0"
178.154.210.50 - - [27/Sep/2025:23:58:43 ] "GET / HTTP/1.1" 200 3384 "-" "Mozilla/5.0 (Macintosh; Intel Mac OS X 10_15_7) AppleWebKit/537.36 (KHTML, like Gecko) Chrome/91.0.4472.114 Safari/537.36"
213.87.10.2 - - [27/Sep/2025:17:59:26 ] "GET /secret_backup.zip HTTP/1.1" 200 2532 "-" "Nmap Scripting Engine; https://nmap.org/book/nse.html"
208.67.222.222 - - [27/Sep/2025:13:51:39 ] "POST /images/logo.png HTTP/1.1" 200 2169 "-" "curl/7.68.0"
192.168.1.1 - - [27/Sep/2025:23:39:19 ] "GET /secret_backup.zip HTTP/1.1" 200 1886 "-" "python-requests/2.25.1"
213.87.10.2 - - [27/Sep/2025:15:03:03 ] "GET /secret_backup.zip HTTP/1.1" 404 3291 "-" "Mozilla/5.0 (X11; Ubuntu; Linux x86_64; rv:89.0) Gecko/20100101 Firefox/89.0"
10.0.10.37 - - [27/Sep/2025:19:28:24 ] "POST /index.html HTTP/1.1" 301 4760 "-" "curl/7.68.0"
1.1.1.1 - - [27/Sep/2025:16:04:43 ] "POST /api/v1/users HTTP/1.1" 404 1287 "-" "Mozilla/5.0 (Windows NT 10.0; Win64; x64) AppleWebKit/537.36 (KHTML, like Gecko) Chrome/91.0.4472.124 Safari/537.36"
208.67.222.222 - - [27/Sep/2025:16:22:59 ] "POST /images/logo.png HTTP/1.1" 200 1269 "-" "curl/7.68.0"
10.0.10.37 - - [27/Sep/2025:15:35:51 ] "GET /secret_backup.zip HTTP/1.1" 500 3664 "-" "python-requests/2.25.1"
192.168.1.1 - - [27/Sep/2025:23:47:07 ] "GET /index.html HTTP/1.1" 200 2738 "-" "Nmap Scripting Engine; https://nmap.org/book/nse.html"
34.201.10.123 - - [27/Sep/2025:22:42:43 ] "POST /static/app.js HTTP/1.1" 200 2620 "-" "Go-http-client/1.1"
213.87.10.2 - - [27/Sep/2025:18:13:49 ] "POST /api/v1/users HTTP/1.1" 200 4970 "-" "Mozilla/5.0 (Macintosh; Intel Mac OS X 10_15_7) AppleWebKit/537.36 (KHTML, like Gecko) Chrome/91.0.4472.114 Safari/537.36"
34.201.10.123 - - [27/Sep/2025:14:23:49 ] "GET /api/v1/users HTTP/1.1" 200 3166 "-" "Mozilla/5.0 (X11; Ubuntu; Linux x86_64; rv:89.0) Gecko/20100101 Firefox/89.0"
208.67.222.222 - - [27/Sep/2025:23:43:32 ] "GET /static/style.css HTTP/1.1" 200 816 "-" "Nmap Scripting Engine; https://nmap.org/book/nse.html"
1.1.1.1 - - [27/Sep/2025:23:30:35 ] "POST /images/logo.png HTTP/1.1" 200 4197 "-" "Mozilla/5.0 (Macintosh; Intel Mac OS X 10_15_7) AppleWebKit/537.36 (KHTML, like Gecko) Chrome/91.0.4472.114 Safari/537.36"
1.1.1.1 - - [27/Sep/2025:13:41:10 ] "GET /api/v1/users HTTP/1.1" 302 1705 "-" "curl/7.68.0"
213.87.10.2 - - [27/Sep/2025:20:32:45 ] "GET /static/app.js HTTP/1.1" 200 4136 "-" "Mozilla/5.0 (X11; Ubuntu; Linux x86_64; rv:89.0) Gecko/20100101 Firefox/89.0"
34.201.10.123 - - [27/Sep/2025:14:34:44 ] "GET /api/v1/users HTTP/1.1" 200 1504 "-" "python-requests/2.25.1"
34.201.10.123 - - [27/Sep/2025:11:34:07 ] "GET /secret_backup.zip HTTP/1.1" 200 1510 "-" "curl/7.68.0"
10.0.10.37 - - [27/Sep/2025:17:14:34 ] "GET /.env HTTP/1.1" 301 4173 "-" "python-requests/2.25.1"
178.154.210.50 - - [27/Sep/2025:13:04:17 ] "GET /static/app.js HTTP/1.1" 302 3953 "-" "Nmap Scripting Engine; https://nmap.org/book/nse.html"
208.67.222.222 - - [27/Sep/2025:11:53:43 ] "POST /static/app.js HTTP/1.1" 200 1032 "-" "python-requests/2.25.1"
208.67.222.222 - - [27/Sep/2025:17:38:19 ] "POST /static/app.js HTTP/1.1" 200 4923 "-" "Mozilla/5.0 (Windows NT 10.0; Win64; x64) AppleWebKit/537.36 (KHTML, like Gecko) Chrome/91.0.4472.124 Safari/537.36"
178.154.210.50 - - [27/Sep/2025:16:12:35 ] "GET /api/v1/users HTTP/1.1" 200 1210 "-" "Go-http-client/1.1"
34.201.10.123 - - [27/Sep/2025:17:46:43 ] "GET /secret_backup.zip HTTP/1.1" 200 515 "-" "python-requests/2.25.1"
10.0.10.37 - - [27/Sep/2025:11:10:20 ] "POST /static/style.css HTTP/1.1" 200 767 "-" "Go-http-client/1.1"
178.154.210.50 - - [27/Sep/2025:19:25:39 ] "POST /index.html HTTP/1.1" 500 3914 "-" "curl/7.68.0"
178.154.210.50 - - [27/Sep/2025:23:53:19 ] "POST /secret_backup.zip HTTP/1.1" 404 4482 "-" "Mozilla/5.0 (Windows NT 10.0; Win64; x64) AppleWebKit/537.36 (KHTML, like Gecko) Chrome/91.0.4472.124 Safari/537.36"
208.67.222.222 - - [27/Sep/2025:22:10:45 ] "POST /static/style.css HTTP/1.1" 200 3109 "-" "Mozilla/5.0 (X11; Ubuntu; Linux x86_64; rv:89.0) Gecko/20100101 Firefox/89.0"
178.154.210.50 - - [27/Sep/2025:15:04:05 ] "POST /index.html HTTP/1.1" 200 2492 "-" "Mozilla/5.0 (X11; Ubuntu; Linux x86_64; rv:89.0) Gecko/20100101 Firefox/89.0"
34.201.10.123 - - [27/Sep/2025:20:56:19 ] "POST /index.html HTTP/1.1" 200 800 "-" "Mozilla/5.0 (X11; Ubuntu; Linux x86_64; rv:89.0) Gecko/20100101 Firefox/89.0"
192.168.1.1 - - [27/Sep/2025:17:12:33 ] "GET /robots.txt HTTP/1.1" 200 157 "-" "Go-http-client/1.1"
1.1.1.1 - - [27/Sep/2025:12:37:59 ] "GET /images/logo.png HTTP/1.1" 301 3342 "-" "Mozilla/5.0 (Windows NT 10.0; Win64; x64) AppleWebKit/537.36 (KHTML, like Gecko) Chrome/91.0.4472.124 Safari/537.36"
178.154.210.50 - - [27/Sep/2025:18:24:22 ] "POST /admin HTTP/1.1" 200 3653 "-" "Mozilla/5.0 (Macintosh; Intel Mac OS X 10_15_7) AppleWebKit/537.36 (KHTML, like Gecko) Chrome/91.0.4472.114 Safari/537.36"
208.67.222.222 - - [27/Sep/2025:16:13:15 ] "POST /robots.txt HTTP/1.1" 200 2690 "-" "Mozilla/5.0 (X11; Ubuntu; Linux x86_64; rv:89.0) Gecko/20100101 Firefox/89.0"
213.87.10.2 - - [27/Sep/2025:19:52:24 ] "GET /api/v1/users HTTP/1.1" 302 243 "-" "curl/7.68.0"
1.1.1.1 - - [27/Sep/2025:11:08:49 ] "GET /static/app.js HTTP/1.1" 200 3424 "-" "curl/7.68.0"
192.168.1.1 - - [27/Sep/2025:17:29:14 ] "GET /static/app.js HTTP/1.1" 404 1950 "-" "python-requests/2.25.1"
208.67.222.222 - - [27/Sep/2025:13:58:35 ] "GET /secret_backup.zip HTTP/1.1" 403 188 "-" "python-requests/2.25.1"
34.201.10.123 - - [27/Sep/2025:20:27:22 ] "POST /admin HTTP/1.1" 404 735 "-" "curl/7.68.0"
34.201.10.123 - - [27/Sep/2025:16:58:21 ] "POST /api/v1/users HTTP/1.1" 200 172 "-" "curl/7.68.0"
213.87.10.2 - - [27/Sep/2025:19:30:58 ] "POST / HTTP/1.1" 200 3101 "-" "curl/7.68.0"
10.0.10.37 - - [27/Sep/2025:11:23:19 ] "GET /static/style.css HTTP/1.1" 404 2571 "-" "python-requests/2.25.1"
10.0.10.37 - - [27/Sep/2025:14:50:08 ] "GET /static/style.css HTTP/1.1" 404 1407 "-" "python-requests/2.25.1"
89.123.1.41 - - [27/Sep/2025:09:49:41 ] "POST /login HTTP/1.1" 200 1977 "-" "Mozilla/5.0 (Macintosh; Intel Mac OS X 10_15_7) AppleWebKit/537.36 (KHTML, like Gecko) Chrome/91.0.4472.114 Safari/537.36"
208.67.222.222 - - [27/Sep/2025:21:26:22 ] "POST /images/logo.png HTTP/1.1" 302 1895 "-" "Go-http-client/1.1"
34.201.10.123 - - [27/Sep/2025:18:52:03 ] "POST /index.html HTTP/1.1" 200 2793 "-" "Go-http-client/1.1"
192.168.1.1 - - [27/Sep/2025:18:34:49 ] "GET /index.html HTTP/1.1" 200 1526 "-" "Mozilla/5.0 (Macintosh; Intel Mac OS X 10_15_7) AppleWebKit/537.36 (KHTML, like Gecko) Chrome/91.0.4472.114 Safari/537.36"
89.123.1.41 - - [27/Sep/2025:18:36:01 ] "POST /index.html HTTP/1.1" 404 2076 "-" "Mozilla/5.0 (X11; Ubuntu; Linux x86_64; rv:89.0) Gecko/20100101 Firefox/89.0"
178.154.210.50 - - [27/Sep/2025:15:48:57 ] "POST /static/app.js HTTP/1.1" 200 3390 "-" "Mozilla/5.0 (Macintosh; Intel Mac OS X 10_15_7) AppleWebKit/537.36 (KHTML, like Gecko) Chrome/91.0.4472.114 Safari/537.36"
208.67.222.222 - - [27/Sep/2025:10:42:15 ] "POST / HTTP/1.1" 302 830 "-" "Nmap Scripting Engine; https://nmap.org/book/nse.html"
10.0.10.37 - - [27/Sep/2025:17:55:43 ] "POST /secret_backup.zip HTTP/1.1" 200 1317 "-" "Mozilla/5.0 (Windows NT 10.0; Win64; x64) AppleWebKit/537.36 (KHTML, like Gecko) Chrome/91.0.4472.124 Safari/537.36"
192.168.1.1 - - [27/Sep/2025:15:43:49 ] "GET /secret_backup.zip HTTP/1.1" 200 4992 "-" "Mozilla/5.0 (Windows NT 10.0; Win64; x64) AppleWebKit/537.36 (KHTML, like Gecko) Chrome/91.0.4472.124 Safari/537.36"
192.168.1.1 - - [27/Sep/2025:11:39:08 ] "POST /.env HTTP/1.1" 200 3519 "-" "Nmap Scripting Engine; https://nmap.org/book/nse.html"
10.0.10.37 - - [27/Sep/2025:15:06:19 ] "GET / HTTP/1.1" 200 1432 "-" "Mozilla/5.0 (Windows NT 10.0; Win64; x64) AppleWebKit/537.36 (KHTML, like Gecko) Chrome/91.0.4472.124 Safari/537.36"
213.87.10.2 - - [27/Sep/2025:22:04:47 ] "POST /.env HTTP/1.1" 200 4594 "-" "Mozilla/5.0 (X11; Ubuntu; Linux x86_64; rv:89.0) Gecko/20100101 Firefox/89.0"
1.1.1.1 - - [27/Sep/2025:13:36:25 ] "POST /admin HTTP/1.1" 200 4442 "-" "python-requests/2.25.1"
34.201.10.123 - - [28/Sep/2025:00:03:34 ] "POST /static/app.js HTTP/1.1" 200 674 "-" "curl/7.68.0"
34.201.10.123 - - [27/Sep/2025:08:29:11 ] "GET /api/v1/users HTTP/1.1" 200 387 "-" "curl/7.68.0"
208.67.222.222 - - [27/Sep/2025:08:01:19 ] "GET /.env HTTP/1.1" 200 1966 "-" "Go-http-client/1.1"
178.154.210.50 - - [27/Sep/2025:10:38:01 ] "POST /robots.txt HTTP/1.1" 404 4654 "-" "Mozilla/5.0 (Windows NT 10.0; Win64; x64) AppleWebKit/537.36 (KHTML, like Gecko) Chrome/91.0.4472.124 Safari/537.36"
89.123.1.41 - - [27/Sep/2025:08:41:04 ] "POST /static/app.js HTTP/1.1" 301 1129 "-" "Mozilla/5.0 (X11; Ubuntu; Linux x86_64; rv:89.0) Gecko/20100101 Firefox/89.0"
89.123.1.41 - - [27/Sep/2025:22:59:39 ] "POST /images/logo.png HTTP/1.1" 301 1146 "-" "curl/7.68.0"
192.168.1.1 - - [27/Sep/2025:17:34:16 ] "POST /login HTTP/1.1" 200 683 "-" "Mozilla/5.0 (Macintosh; Intel Mac OS X 10_15_7) AppleWebKit/537.36 (KHTML, like Gecko) Chrome/91.0.4472.114 Safari/537.36"
213.87.10.2 - - [27/Sep/2025:09:54:21 ] "GET /admin HTTP/1.1" 302 4808 "-" "Go-http-client/1.1"
89.123.1.41 - - [27/Sep/2025:21:20:14 ] "GET /admin HTTP/1.1" 200 2899 "-" "Mozilla/5.0 (Windows NT 10.0; Win64; x64) AppleWebKit/537.36 (KHTML, like Gecko) Chrome/91.0.4472.124 Safari/537.36"
34.201.10.123 - - [27/Sep/2025:23:01:19 ] "GET /static/style.css HTTP/1.1" 500 1061 "-" "Go-http-client/1.1"
1.1.1.1 - - [27/Sep/2025:17:49:59 ] "GET /index.html HTTP/1.1" 302 3271 "-" "Go-http-client/1.1"
192.168.1.1 - - [27/Sep/2025:07:26:37 ] "POST /index.html HTTP/1.1" 302 811 "-" "Mozilla/5.0 (X11; Ubuntu; Linux x86_64; rv:89.0) Gecko/20100101 Firefox/89.0"
1.1.1.1 - - [27/Sep/2025:07:42:22 ] "GET /admin HTTP/1.1" 500 4736 "-" "Mozilla/5.0 (X11; Ubuntu; Linux x86_64; rv:89.0) Gecko/20100101 Firefox/89.0"
89.123.1.41 - - [27/Sep/2025:19:07:23 ] "POST /login HTTP/1.1" 301 4164 "-" "Go-http-client/1.1"
208.67.222.222 - - [27/Sep/2025:09:38:04 ] "GET /secret_backup.zip HTTP/1.1" 200 2806 "-" "Nmap Scripting Engine; https://nmap.org/book/nse.html"
34.201.10.123 - - [27/Sep/2025:19:46:19 ] "POST /images/logo.png HTTP/1.1" 200 3562 "-" "Go-http-client/1.1"
213.87.10.2 - - [27/Sep/2025:12:25:24 ] "POST /static/style.css HTTP/1.1" 404 4002 "-" "python-requests/2.25.1"
213.87.10.2 - - [27/Sep/2025:17:43:31 ] "GET /login HTTP/1.1" 200 204 "-" "Mozilla/5.0 (Macintosh; Intel Mac OS X 10_15_7) AppleWebKit/537.36 (KHTML, like Gecko) Chrome/91.0.4472.114 Safari/537.36"
34.201.10.123 - - [27/Sep/2025:22:39:49 ] "POST /static/app.js HTTP/1.1" 200 4625 "-" "curl/7.68.0"
213.87.10.2 - - [27/Sep/2025:23:32:49 ] "GET /admin HTTP/1.1" 200 1334 "-" "curl/7.68.0"
192.168.1.1 - - [27/Sep/2025:16:33:19 ] "GET /admin HTTP/1.1" 200 3040 "-" "Go-http-client/1.1"
213.87.10.2 - - [27/Sep/2025:10:56:19 ] "POST / HTTP/1.1" 302 3424 "-" "Go-http-client/1.1"
208.67.222.222 - - [27/Sep/2025:16:10:50 ] "GET /static/app.js HTTP/1.1" 200 2458 "-" "Mozilla/5.0 (Windows NT 10.0; Win64; x64) AppleWebKit/537.36 (KHTML, like Gecko) Chrome/91.0.4472.124 Safari/537.36"
1.1.1.1 - - [27/Sep/2025:07:28:59 ] "GET /admin HTTP/1.1" 200 4280 "-" "curl/7.68.0"
208.67.222.222 - - [27/Sep/2025:17:33:52 ] "POST /login HTTP/1.1" 200 2578 "-" "python-requests/2.25.1"
208.67.222.222 - - [27/Sep/2025:06:50:19 ] "GET /secret_backup.zip HTTP/1.1" 200 2015 "-" "Go-http-client/1.1"
213.87.10.2 - - [27/Sep/2025:22:39:30 ] "POST /images/logo.png HTTP/1.1" 200 2455 "-" "curl/7.68.0"
1.1.1.1 - - [27/Sep/2025:08:42:49 ] "GET /admin HTTP/1.1" 200 4295 "-" "python-requests/2.25.1"
89.123.1.41 - - [27/Sep/2025:19:25:16 ] "POST /index.html HTTP/1.1" 200 4411 "-" "Mozilla/5.0 (Macintosh; Intel Mac OS X 10_15_7) AppleWebKit/537.36 (KHTML, like Gecko) Chrome/91.0.4472.114 Safari/537.36"
89.123.1.41 - - [27/Sep/2025:07:27:07 ] "GET /index.html HTTP/1.1" 200 2449 "-" "python-requests/2.25.1"
178.154.210.50 - - [27/Sep/2025:07:37:34 ] "POST /static/style.css HTTP/1.1" 200 3956 "-" "python-requests/2.25.1"
192.168.1.1 - - [27/Sep/2025:13:00:47 ] "GET /.env HTTP/1.1" 200 3993 "-" "Go-http-client/1.1"
208.67.222.222 - - [27/Sep/2025:08:25:21 ] "POST / HTTP/1.1" 200 2282 "-" "Go-http-client/1.1"
178.154.210.50 - - [27/Sep/2025:14:10:43 ] "POST /static/app.js HTTP/1.1" 404 3300 "-" "Mozilla/5.0 (Macintosh; Intel Mac OS X 10_15_7) AppleWebKit/537.36 (KHTML, like Gecko) Chrome/91.0.4472.114 Safari/537.36"
213.87.10.2 - - [27/Sep/2025:13:29:51 ] "GET /robots.txt HTTP/1.1" 403 2322 "-" "Nmap Scripting Engine; https://nmap.org/book/nse.html"
178.154.210.50 - - [27/Sep/2025:20:17:09 ] "GET /login HTTP/1.1" 200 3303 "-" "Mozilla/5.0 (Windows NT 10.0; Win64; x64) AppleWebKit/537.36 (KHTML, like Gecko) Chrome/91.0.4472.124 Safari/537.36"
89.123.1.41 - - [27/Sep/2025:08:04:34 ] "GET /images/logo.png HTTP/1.1" 200 2181 "-" "python-requests/2.25.1"
208.67.222.222 - - [27/Sep/2025:06:35:15 ] "GET /login HTTP/1.1" 200 2087 "-" "Mozilla/5.0 (Macintosh; Intel Mac OS X 10_15_7) AppleWebKit/537.36 (KHTML, like Gecko) Chrome/91.0.4472.114 Safari/537.36"
213.87.10.2 - - [27/Sep/2025:15:14:53 ] "GET /images/logo.png HTTP/1.1" 302 4378 "-" "Mozilla/5.0 (X11; Ubuntu; Linux x86_64; rv:89.0) Gecko/20100101 Firefox/89.0"
178.154.210.50 - - [27/Sep/2025:22:05:55 ] "POST /secret_backup.zip HTTP/1.1" 200 1690 "-" "Go-http-client/1.1"
192.168.1.1 - - [27/Sep/2025:12:37:24 ] "GET /robots.txt HTTP/1.1" 301 1415 "-" "Go-http-client/1.1"
89.123.1.41 - - [27/Sep/2025:18:59:51 ] "POST /static/style.css HTTP/1.1" 200 185 "-" "python-requests/2.25.1"
89.123.1.41 - - [27/Sep/2025:15:21:13 ] "POST /admin HTTP/1.1" 404 4552 "-" "Nmap Scripting Engine; https://nmap.org/book/nse.html"
208.67.222.222 - - [27/Sep/2025:17:45:41 ] "POST /static/style.css HTTP/1.1" 200 3975 "-" "Mozilla/5.0 (X11; Ubuntu; Linux x86_64; rv:89.0) Gecko/20100101 Firefox/89.0"
1.1.1.1 - - [27/Sep/2025:10:17:52 ] "GET / HTTP/1.1" 200 2293 "-" "Mozilla/5.0 (Windows NT 10.0; Win64; x64) AppleWebKit/537.36 (KHTML, like Gecko) Chrome/91.0.4472.124 Safari/537.36"
89.123.1.41 - - [27/Sep/2025:20:06:19 ] "POST /static/style.css HTTP/1.1" 302 4023 "-" "Mozilla/5.0 (Windows NT 10.0; Win64; x64) AppleWebKit/537.36 (KHTML, like Gecko) Chrome/91.0.4472.124 Safari/537.36"
34.201.10.123 - - [27/Sep/2025:14:31:51 ] "POST /secret_backup.zip HTTP/1.1" 200 1969 "-" "curl/7.68.0"
178.154.210.50 - - [27/Sep/2025:16:50:33 ] "POST /secret_backup.zip HTTP/1.1" 200 4749 "-" "Mozilla/5.0 (X11; Ubuntu; Linux x86_64; rv:89.0) Gecko/20100101 Firefox/89.0"
34.201.10.123 - - [27/Sep/2025:17:29:10 ] "GET /index.html HTTP/1.1" 404 239 "-" "Nmap Scripting Engine; https://nmap.org/book/nse.html"
192.168.1.1 - - [27/Sep/2025:07:37:47 ] "POST /images/logo.png HTTP/1.1" 200 4108 "-" "Mozilla/5.0 (Windows NT 10.0; Win64; x64) AppleWebKit/537.36 (KHTML, like Gecko) Chrome/91.0.4472.124 Safari/537.36"
192.168.1.1 - - [27/Sep/2025:04:01:19 ] "GET /index.html HTTP/1.1" 200 2080 "-" "Go-http-client/1.1"
178.154.210.50 - - [27/Sep/2025:12:28:49 ] "POST /static/style.css HTTP/1.1" 200 1325 "-" "Mozilla/5.0 (Windows NT 10.0; Win64; x64) AppleWebKit/537.36 (KHTML, like Gecko) Chrome/91.0.4472.124 Safari/537.36"
213.87.10.2 - - [27/Sep/2025:18:28:10 ] "POST /admin HTTP/1.1" 500 121 "-" "python-requests/2.25.1"
89.123.1.41 - - [27/Sep/2025:07:58:27 ] "POST /index.html HTTP/1.1" 403 1590 "-" "Mozilla/5.0 (Windows NT 10.0; Win64; x64) AppleWebKit/537.36 (KHTML, like Gecko) Chrome/91.0.4472.124 Safari/537.36"
213.87.10.2 - - [27/Sep/2025:17:52:04 ] "GET /static/style.css HTTP/1.1" 500 4553 "-" "Mozilla/5.0 (Windows NT 10.0; Win64; x64) AppleWebKit/537.36 (KHTML, like Gecko) Chrome/91.0.4472.124 Safari/537.36"
178.154.210.50 - - [27/Sep/2025:14:01:19 ] "POST /.env HTTP/1.1" 200 4797 "-" "curl/7.68.0"
89.123.1.41 - - [27/Sep/2025:10:46:23 ] "POST /robots.txt HTTP/1.1" 302 4402 "-" "Nmap Scripting Engine; https://nmap.org/book/nse.html"
10.0.10.37 - - [27/Sep/2025:21:13:07 ] "GET /static/style.css HTTP/1.1" 404 4791 "-" "Go-http-client/1.1"
89.123.1.41 - - [28/Sep/2025:00:05:14 ] "GET /secret_backup.zip HTTP/1.1" 200 2583 "-" "curl/7.68.0"
34.201.10.123 - - [27/Sep/2025:15:03:17 ] "GET /index.html HTTP/1.1" 500 4393 "-" "Mozilla/5.0 (X11; Ubuntu; Linux x86_64; rv:89.0) Gecko/20100101 Firefox/89.0"
34.201.10.123 - - [27/Sep/2025:04:27:49 ] "POST /api/v1/users HTTP/1.1" 301 2902 "-" "python-requests/2.25.1"
34.201.10.123 - - [27/Sep/2025:21:52:43 ] "POST /index.html HTTP/1.1" 500 1254 "-" "python-requests/2.25.1"
10.0.10.37 - - [27/Sep/2025:08:01:09 ] "GET /login HTTP/1.1" 302 994 "-" "Mozilla/5.0 (Windows NT 10.0; Win64; x64) AppleWebKit/537.36 (KHTML, like Gecko) Chrome/91.0.4472.124 Safari/537.36"
178.154.210.50 - - [27/Sep/2025:21:38:37 ] "POST /static/app.js HTTP/1.1" 404 985 "-" "curl/7.68.0"
178.154.210.50 - - [27/Sep/2025:09:24:08 ] "POST /.env HTTP/1.1" 200 1060 "-" "Go-http-client/1.1"
89.123.1.41 - - [27/Sep/2025:06:27:19 ] "GET /secret_backup.zip HTTP/1.1" 200 4539 "-" "curl/7.68.0"
1.1.1.1 - - [27/Sep/2025:14:34:43 ] "POST /static/style.css HTTP/1.1" 403 1337 "-" "curl/7.68.0"
1.1.1.1 - - [27/Sep/2025:09:22:25 ] "POST /static/style.css HTTP/1.1" 500 3442 "-" "Mozilla/5.0 (Macintosh; Intel Mac OS X 10_15_7) AppleWebKit/537.36 (KHTML, like Gecko) Chrome/91.0.4472.114 Safari/537.36"
178.154.210.50 - - [27/Sep/2025:03:15:09 ] "GET / HTTP/1.1" 200 2532 "-" "curl/7.68.0"
213.87.10.2 - - [27/Sep/2025:05:00:19 ] "GET /static/app.js HTTP/1.1" 200 4829 "-" "Mozilla/5.0 (Macintosh; Intel Mac OS X 10_15_7) AppleWebKit/537.36 (KHTML, like Gecko) Chrome/91.0.4472.114 Safari/537.36"
178.154.210.50 - - [27/Sep/2025:03:09:54 ] "POST /static/app.js HTTP/1.1" 404 4014 "-" "Go-http-client/1.1"
10.0.10.37 - - [27/Sep/2025:11:30:29 ] "POST /static/app.js HTTP/1.1" 200 4044 "-" "Mozilla/5.0 (Macintosh; Intel Mac OS X 10_15_7) AppleWebKit/537.36 (KHTML, like Gecko) Chrome/91.0.4472.114 Safari/537.36"
1.1.1.1 - - [27/Sep/2025:21:55:01 ] "POST /static/style.css HTTP/1.1" 200 1929 "-" "curl/7.68.0"
208.67.222.222 - - [27/Sep/2025:21:32:07 ] "POST /login HTTP/1.1" 200 1418 "-" "Mozilla/5.0 (Macintosh; Intel Mac OS X 10_15_7) AppleWebKit/537.36 (KHTML, like Gecko) Chrome/91.0.4472.114 Safari/537.36"
178.154.210.50 - - [27/Sep/2025:03:57:53 ] "POST /images/logo.png HTTP/1.1" 200 4915 "-" "Nmap Scripting Engine; https://nmap.org/book/nse.html"
1.1.1.1 - - [27/Sep/2025:16:33:49 ] "POST /index.html HTTP/1.1" 200 1266 "-" "Go-http-client/1.1"
192.168.1.1 - - [27/Sep/2025:21:30:10 ] "POST /index.html HTTP/1.1" 200 2466 "-" "Go-http-client/1.1"
34.201.10.123 - - [27/Sep/2025:18:19:07 ] "GET /admin HTTP/1.1" 302 2644 "-" "Mozilla/5.0 (X11; Ubuntu; Linux x86_64; rv:89.0) Gecko/20100101 Firefox/89.0"
192.168.1.1 - - [27/Sep/2025:03:44:10 ] "POST /static/app.js HTTP/1.1" 200 2533 "-" "curl/7.68.0"
178.154.210.50 - - [27/Sep/2025:07:00:33 ] "POST / HTTP/1.1" 200 1194 "-" "python-requests/2.25.1"
208.67.222.222 - - [27/Sep/2025:15:57:34 ] "POST /images/logo.png HTTP/1.1" 200 4404 "-" "Mozilla/5.0 (Windows NT 10.0; Win64; x64) AppleWebKit/537.36 (KHTML, like Gecko) Chrome/91.0.4472.124 Safari/537.36"
34.201.10.123 - - [27/Sep/2025:14:19:07 ] "GET /images/logo.png HTTP/1.1" 200 4388 "-" "Mozilla/5.0 (X11; Ubuntu; Linux x86_64; rv:89.0) Gecko/20100101 Firefox/89.0"
192.168.1.1 - - [27/Sep/2025:20:26:15 ] "POST /static/style.css HTTP/1.1" 200 4799 "-" "Mozilla/5.0 (Windows NT 10.0; Win64; x64) AppleWebKit/537.36 (KHTML, like Gecko) Chrome/91.0.4472.124 Safari/537.36"
178.154.210.50 - - [27/Sep/2025:14:19:21 ] "GET /api/v1/users HTTP/1.1" 200 2579 "-" "python-requests/2.25.1"
213.87.10.2 - - [27/Sep/2025:16:59:55 ] "GET /api/v1/users HTTP/1.1" 404 4413 "-" "Go-http-client/1.1"
89.123.1.41 - - [27/Sep/2025:23:39:39 ] "POST /robots.txt HTTP/1.1" 403 3868 "-" "Mozilla/5.0 (Macintosh; Intel Mac OS X 10_15_7) AppleWebKit/537.36 (KHTML, like Gecko) Chrome/91.0.4472.114 Safari/537.36"
10.0.10.37 - - [27/Sep/2025:11:24:12 ] "POST /index.html HTTP/1.1" 200 2259 "-" "Nmap Scripting Engine; https://nmap.org/book/nse.html"
10.0.10.37 - - [27/Sep/2025:22:10:01 ] "GET /static/app.js HTTP/1.1" 301 1142 "-" "curl/7.68.0"
192.168.1.1 - - [27/Sep/2025:19:05:35 ] "GET / HTTP/1.1" 404 2237 "-" "Nmap Scripting Engine; https://nmap.org/book/nse.html"
192.168.1.1 - - [27/Sep/2025:18:26:35 ] "GET /robots.txt HTTP/1.1" 200 2028 "-" "python-requests/2.25.1"
208.67.222.222 - - [27/Sep/2025:16:26:34 ] "POST /static/style.css HTTP/1.1" 200 3823 "-" "Mozilla/5.0 (Windows NT 10.0; Win64; x64) AppleWebKit/537.36 (KHTML, like Gecko) Chrome/91.0.4472.124 Safari/537.36"
34.201.10.123 - - [27/Sep/2025:07:11:57 ] "GET / HTTP/1.1" 404 3599 "-" "Nmap Scripting Engine; https://nmap.org/book/nse.html"
192.168.1.1 - - [27/Sep/2025:14:04:29 ] "GET /.env HTTP/1.1" 200 1311 "-" "Go-http-client/1.1"
208.67.222.222 - - [27/Sep/2025:02:02:19 ] "POST /secret_backup.zip HTTP/1.1" 200 4108 "-" "Go-http-client/1.1"
208.67.222.222 - - [27/Sep/2025:22:21:05 ] "GET /index.html HTTP/1.1" 200 449 "-" "Go-http-client/1.1"
1.1.1.1 - - [27/Sep/2025:21:22:39 ] "GET /secret_backup.zip HTTP/1.1" 200 447 "-" "Go-http-client/1.1"
89.123.1.41 - - [27/Sep/2025:15:03:43 ] "POST /robots.txt HTTP/1.1" 200 867 "-" "Go-http-client/1.1"
10.0.10.37 - - [27/Sep/2025:00:50:07 ] "GET /index.html HTTP/1.1" 200 2976 "-" "Mozilla/5.0 (Macintosh; Intel Mac OS X 10_15_7) AppleWebKit/537.36 (KHTML, like Gecko) Chrome/91.0.4472.114 Safari/537.36"
10.0.10.37 - - [27/Sep/2025:02:08:17 ] "GET /login HTTP/1.1" 302 4118 "-" "Go-http-client/1.1"
10.0.10.37 - - [27/Sep/2025:16:01:37 ] "POST /static/style.css HTTP/1.1" 200 1072 "-" "Go-http-client/1.1"
34.201.10.123 - - [27/Sep/2025:16:53:59 ] "GET /robots.txt HTTP/1.1" 200 4845 "-" "python-requests/2.25.1"
10.0.10.37 - - [27/Sep/2025:01:05:15 ] "POST / HTTP/1.1" 200 1939 "-" "Mozilla/5.0 (Windows NT 10.0; Win64; x64) AppleWebKit/537.36 (KHTML, like Gecko) Chrome/91.0.4472.124 Safari/537.36"
1.1.1.1 - - [27/Sep/2025:11:44:01 ] "POST /static/app.js HTTP/1.1" 200 2324 "-" "Go-http-client/1.1"
192.168.1.1 - - [27/Sep/2025:17:53:57 ] "GET /images/logo.png HTTP/1.1" 200 3095 "-" "Mozilla/5.0 (X11; Ubuntu; Linux x86_64; rv:89.0) Gecko/20100101 Firefox/89.0"
178.154.210.50 - - [27/Sep/2025:14:18:21 ] "POST / HTTP/1.1" 200 472 "-" "Go-http-client/1.1"
213.87.10.2 - - [27/Sep/2025:08:41:19 ] "POST /robots.txt HTTP/1.1" 200 4449 "-" "python-requests/2.25.1"
178.154.210.50 - - [26/Sep/2025:23:36:22 ] "POST /images/logo.png HTTP/1.1" 200 210 "-" "curl/7.68.0"
34.201.10.123 - - [27/Sep/2025:10:15:41 ] "GET /.env HTTP/1.1" 200 1517 "-" "Nmap Scripting Engine; https://nmap.org/book/nse.html"
89.123.1.41 - - [27/Sep/2025:19:38:28 ] "GET /secret_backup.zip HTTP/1.1" 200 3779 "-" "python-requests/2.25.1"
192.168.1.1 - - [27/Sep/2025:15:14:03 ] "POST /static/app.js HTTP/1.1" 200 4372 "-" "Mozilla/5.0 (Macintosh; Intel Mac OS X 10_15_7) AppleWebKit/537.36 (KHTML, like Gecko) Chrome/91.0.4472.114 Safari/537.36"
192.168.1.1 - - [27/Sep/2025:08:00:09 ] "GET / HTTP/1.1" 200 2359 "-" "Nmap Scripting Engine; https://nmap.org/book/nse.html"
178.154.210.50 - - [27/Sep/2025:15:51:13 ] "POST /index.html HTTP/1.1" 301 4617 "-" "python-requests/2.25.1"
1.1.1.1 - - [27/Sep/2025:17:11:24 ] "GET /api/v1/users HTTP/1.1" 302 749 "-" "python-requests/2.25.1"
178.154.210.50 - - [27/Sep/2025:04:04:35 ] "POST /api/v1/users HTTP/1.1" 302 3977 "-" "Mozilla/5.0 (Windows NT 10.0; Win64; x64) AppleWebKit/537.36 (KHTML, like Gecko) Chrome/91.0.4472.124 Safari/537.36"
192.168.1.1 - - [27/Sep/2025:16:53:07 ] "POST /secret_backup.zip HTTP/1.1" 200 3226 "-" "Go-http-client/1.1"
89.123.1.41 - - [27/Sep/2025:01:47:29 ] "GET /static/style.css HTTP/1.1" 200 2154 "-" "curl/7.68.0"
89.123.1.41 - - [27/Sep/2025:02:19:23 ] "POST /login HTTP/1.1" 200 4013 "-" "python-requests/2.25.1"
1.1.1.1 - - [27/Sep/2025:09:37:07 ] "GET /static/app.js HTTP/1.1" 302 1914 "-" "Mozilla/5.0 (X11; Ubuntu; Linux x86_64; rv:89.0) Gecko/20100101 Firefox/89.0"
192.168.1.1 - - [27/Sep/2025:09:49:55 ] "POST /login HTTP/1.1" 301 1396 "-" "Mozilla/5.0 (Windows NT 10.0; Win64; x64) AppleWebKit/537.36 (KHTML, like Gecko) Chrome/91.0.4472.124 Safari/537.36"
34.201.10.123 - - [27/Sep/2025:19:07:05 ] "POST /index.html HTTP/1.1" 302 3055 "-" "Mozilla/5.0 (Windows NT 10.0; Win64; x64) AppleWebKit/537.36 (KHTML, like Gecko) Chrome/91.0.4472.124 Safari/537.36"
10.0.10.37 - - [27/Sep/2025:13:19:34 ] "POST /login HTTP/1.1" 200 2153 "-" "curl/7.68.0"
213.87.10.2 - - [26/Sep/2025:22:06:19 ] "POST /secret_backup.zip HTTP/1.1" 200 3621 "-" "Go-http-client/1.1"
208.67.222.222 - - [26/Sep/2025:22:22:27 ] "POST /static/style.css HTTP/1.1" 200 4093 "-" "Mozilla/5.0 (Macintosh; Intel Mac OS X 10_15_7) AppleWebKit/537.36 (KHTML, like Gecko) Chrome/91.0.4472.114 Safari/537.36"
178.154.210.50 - - [27/Sep/2025:20:27:49 ] "POST /admin HTTP/1.1" 301 4136 "-" "Nmap Scripting Engine; https://nmap.org/book/nse.html"
213.87.10.2 - - [27/Sep/2025:18:51:22 ] "GET /login HTTP/1.1" 200 3273 "-" "Mozilla/5.0 (X11; Ubuntu; Linux x86_64; rv:89.0) Gecko/20100101 Firefox/89.0"
208.67.222.222 - - [27/Sep/2025:20:31:39 ] "GET /static/style.css HTTP/1.1" 200 1221 "-" "Mozilla/5.0 (X11; Ubuntu; Linux x86_64; rv:89.0) Gecko/20100101 Firefox/89.0"
34.201.10.123 - - [27/Sep/2025:15:25:58 ] "POST /admin HTTP/1.1" 302 759 "-" "Nmap Scripting Engine; https://nmap.org/book/nse.html"
89.123.1.41 - - [27/Sep/2025:22:44:21 ] "POST /secret_backup.zip HTTP/1.1" 200 4049 "-" "curl/7.68.0"
10.0.10.37 - - [27/Sep/2025:08:11:56 ] "GET /admin HTTP/1.1" 200 4482 "-" "Mozilla/5.0 (Macintosh; Intel Mac OS X 10_15_7) AppleWebKit/537.36 (KHTML, like Gecko) Chrome/91.0.4472.114 Safari/537.36"
1.1.1.1 - - [27/Sep/2025:15:15:31 ] "GET /static/style.css HTTP/1.1" 200 4999 "-" "Mozilla/5.0 (Macintosh; Intel Mac OS X 10_15_7) AppleWebKit/537.36 (KHTML, like Gecko) Chrome/91.0.4472.114 Safari/537.36"
192.168.1.1 - - [27/Sep/2025:23:37:34 ] "GET /robots.txt HTTP/1.1" 500 2939 "-" "Mozilla/5.0 (Windows NT 10.0; Win64; x64) AppleWebKit/537.36 (KHTML, like Gecko) Chrome/91.0.4472.124 Safari/537.36"
178.154.210.50 - - [26/Sep/2025:22:05:13 ] "GET /admin HTTP/1.1" 404 320 "-" "curl/7.68.0"
10.0.10.37 - - [27/Sep/2025:17:26:40 ] "GET / HTTP/1.1" 404 3011 "-" "python-requests/2.25.1"
34.201.10.123 - - [27/Sep/2025:21:09:31 ] "GET /admin HTTP/1.1" 200 3809 "-" "curl/7.68.0"
213.87.10.2 - - [26/Sep/2025:21:01:19 ] "POST /secret_backup.zip HTTP/1.1" 200 4325 "-" "Mozilla/5.0 (X11; Ubuntu; Linux x86_64; rv:89.0) Gecko/20100101 Firefox/89.0"
178.154.210.50 - - [27/Sep/2025:02:37:19 ] "POST /static/app.js HTTP/1.1" 200 2679 "-" "Mozilla/5.0 (Macintosh; Intel Mac OS X 10_15_7) AppleWebKit/537.36 (KHTML, like Gecko) Chrome/91.0.4472.114 Safari/537.36"
10.0.10.37 - - [27/Sep/2025:07:42:17 ] "POST /static/app.js HTTP/1.1" 200 2463 "-" "Mozilla/5.0 (X11; Ubuntu; Linux x86_64; rv:89.0) Gecko/20100101 Firefox/89.0"
34.201.10.123 - - [26/Sep/2025:23:04:39 ] "GET /api/v1/users HTTP/1.1" 200 64 "-" "Mozilla/5.0 (Macintosh; Intel Mac OS X 10_15_7) AppleWebKit/537.36 (KHTML, like Gecko) Chrome/91.0.4472.114 Safari/537.36"
1.1.1.1 - - [27/Sep/2025:21:34:16 ] "GET /admin HTTP/1.1" 404 3622 "-" "curl/7.68.0"
213.87.10.2 - - [27/Sep/2025:11:04:43 ] "GET /.env HTTP/1.1" 302 2927 "-" "Nmap Scripting Engine; https://nmap.org/book/nse.html"
178.154.210.50 - - [27/Sep/2025:01:10:29 ] "GET /static/style.css HTTP/1.1" 200 1414 "-" "Mozilla/5.0 (X11; Ubuntu; Linux x86_64; rv:89.0) Gecko/20100101 Firefox/89.0"
34.201.10.123 - - [27/Sep/2025:04:11:07 ] "GET /.env HTTP/1.1" 404 2401 "-" "Mozilla/5.0 (Macintosh; Intel Mac OS X 10_15_7) AppleWebKit/537.36 (KHTML, like Gecko) Chrome/91.0.4472.114 Safari/537.36"
1.1.1.1 - - [27/Sep/2025:14:19:43 ] "POST /login HTTP/1.1" 404 2790 "-" "curl/7.68.0"
1.1.1.1 - - [27/Sep/2025:22:28:01 ] "GET / HTTP/1.1" 200 809 "-" "Mozilla/5.0 (Macintosh; Intel Mac OS X 10_15_7) AppleWebKit/537.36 (KHTML, like Gecko) Chrome/91.0.4472.114 Safari/537.36"
1.1.1.1 - - [26/Sep/2025:20:28:16 ] "GET /static/app.js HTTP/1.1" 200 380 "-" "Nmap Scripting Engine; https://nmap.org/book/nse.html"
34.201.10.123 - - [26/Sep/2025:20:23:19 ] "POST /static/style.css HTTP/1.1" 200 1822 "-" "Mozilla/5.0 (X11; Ubuntu; Linux x86_64; rv:89.0) Gecko/20100101 Firefox/89.0"
213.87.10.2 - - [27/Sep/2025:05:46:42 ] "POST /admin HTTP/1.1" 404 3327 "-" "Mozilla/5.0 (X11; Ubuntu; Linux x86_64; rv:89.0) Gecko/20100101 Firefox/89.0"
1.1.1.1 - - [27/Sep/2025:17:01:43 ] "GET /images/logo.png HTTP/1.1" 302 3762 "-" "Nmap Scripting Engine; https://nmap.org/book/nse.html"
192.168.1.1 - - [27/Sep/2025:05:11:33 ] "GET /admin HTTP/1.1" 200 235 "-" "Mozilla/5.0 (Windows NT 10.0; Win64; x64) AppleWebKit/537.36 (KHTML, like Gecko) Chrome/91.0.4472.124 Safari/537.36"
192.168.1.1 - - [27/Sep/2025:00:50:11 ] "GET /login HTTP/1.1" 200 1361 "-" "Mozilla/5.0 (X11; Ubuntu; Linux x86_64; rv:89.0) Gecko/20100101 Firefox/89.0"
192.168.1.1 - - [26/Sep/2025:23:08:19 ] "GET /index.html HTTP/1.1" 200 4232 "-" "Go-http-client/1.1"
208.67.222.222 - - [27/Sep/2025:08:57:53 ] "GET /admin HTTP/1.1" 200 2785 "-" "Mozilla/5.0 (Windows NT 10.0; Win64; x64) AppleWebKit/537.36 (KHTML, like Gecko) Chrome/91.0.4472.124 Safari/537.36"
208.67.222.222 - - [27/Sep/2025:23:40:03 ] "GET /images/logo.png HTTP/1.1" 500 3143 "-" "Go-http-client/1.1"
89.123.1.41 - - [27/Sep/2025:08:17:43 ] "GET /login HTTP/1.1" 200 1420 "-" "Mozilla/5.0 (Windows NT 10.0; Win64; x64) AppleWebKit/537.36 (KHTML, like Gecko) Chrome/91.0.4472.124 Safari/537.36"
34.201.10.123 - - [26/Sep/2025:22:39:05 ] "GET /login HTTP/1.1" 404 2792 "-" "curl/7.68.0"
10.0.10.37 - - [27/Sep/2025:15:06:19 ] "POST /static/app.js HTTP/1.1" 404 525 "-" "Mozilla/5.0 (Macintosh; Intel Mac OS X 10_15_7) AppleWebKit/537.36 (KHTML, like Gecko) Chrome/91.0.4472.114 Safari/537.36"
192.168.1.1 - - [27/Sep/2025:09:48:49 ] "POST /login HTTP/1.1" 200 3967 "-" "Mozilla/5.0 (X11; Ubuntu; Linux x86_64; rv:89.0) Gecko/20100101 Firefox/89.0"
89.123.1.41 - - [27/Sep/2025:23:33:31 ] "POST / HTTP/1.1" 200 4678 "-" "Nmap Scripting Engine; https://nmap.org/book/nse.html"
10.0.10.37 - - [26/Sep/2025:21:57:49 ] "POST /.env HTTP/1.1" 200 1417 "-" "curl/7.68.0"
213.87.10.2 - - [27/Sep/2025:23:39:07 ] "POST /.env HTTP/1.1" 200 4723 "-" "python-requests/2.25.1"
